2)?
-18
Suppose p = 2*p - 2. Let r(d) = p*d + 3 - 3*d**2 - 4 + 4*d**2. Let f be 1 + 0 + -1*4/1. Calculate r(f).
2
Let n(m) = 9*m + 47 - 91 + 0*m + 46. Determine n(2).
20
Let q be ((-2)/(-4))/((-4)/(-104)). Let t = q - 13. Let z(n) = n + 7. Determine z(t).
7
Let w(k) = -k**3 + 9*k**2 - 8*k - 9. Let l = 102 + -95. Calculate w(l).
33
Let o(z) = -3*z. Let t(l) = 10*l. Let k(q) = 5*o(q) + 2*t(q). Calculate k(6).
30
Let s(j) be the second derivative of -2*j**3/3 + j**2/2 + j. Suppose 4*u = 2*u - x - 1, -4*x = -2*u - 16. Let h be (1/u)/(1/(-4)). Calculate s(h).
-7
Let x(s) = 4*s**2 + 28*s + 1. Let a(j) = 2*j**2 - 4*j. Let p(k) = -5*k**2 + 7*k. Let l(i) = -7*a(i) - 3*p(i). Let t(v) = 9*l(v) - 2*x(v). What is t(-6)?
-8
Let k = 5 - 7. Let n be (5/k)/((-6)/12). Let a(w) = -10*w**3 + 1 + 0 - n*w + 6*w. What is a(-1)?
10
Suppose 9*y - 14*y + 5 = 5*a, 5*a + 19 = 3*y. Suppose -3 + 11 = 4*c. Let o(w) = -1 - 3 + w + c*w. Give o(y).
5
Let w(c) = -2*c - 5 + c**3 - 2*c + 0 - 2*c + c**2. Let s be w(-3). Let f = s - -6. Let o(k) = -2*k**3 + k**2 - 2*k + 1. Determine o(f).
-2
Let n(j) = j - 4. Let t = -90 + 94. Calculate n(t).
0
Let b(c) be the first derivative of c**3/3 - c**2/2 - 258. Determine b(1).
0
Let b(w) = 43*w - 31*w + w**2 + 6 - 20*w. Determine b(7).
-1
Let p(y) be the third derivative of -1/60*y**5 - 2*y**2 + 7/24*y**4 + 0*y**3 + 0 + 0*y. Determine p(7).
0
Let c = 0 + 7. Let m(t) = -9*t - 13. Let y(s) = 14*s + 19. Let r(b) = c*m(b) + 5*y(b). Determine r(-3).
-17
Let v(b) be the third derivative of -b**5/30 + b**4/8 + b**3/6 + b**2 - 229. Suppose -23 + 7 = -4*u. What is v(u)?
-19
Suppose 2*h + 40 = 3*v + 2, -3*v + 22 = 2*h. Let p(w) = w**3 - 11*w**2 + 9*w + 13. Calculate p(v).
3
Let a(p) be the second derivative of -p**4/4 - p**3/3 - 2*p**2 - 401*p. Give a(-2).
-12
Let a(t) = 96*t + 17 - 5 + 93*t - 188*t. Calculate a(-6).
6
Let c(v) = 0*v**2 + 13 - v**2 + 10*v - 19 - 13. Let g be c(8). Let s(x) = x**3 + x**2 - 4*x + 1. Calculate s(g).
-5
Let i(y) = 5*y - 2. Let t(h) = -35*h + 8. Let v(z) = 6*i(z) + t(z). Determine v(-6).
26
Let b(h) be the first derivative of 1/12*h**4 + 8 - 2*h**2 - 5/6*h**3 + 0*h. Let f(a) be the second derivative of b(a). What is f(6)?
7
Let y(h) = h**2 + 7*h + 2. Let u be y(-7). Let v(x) be the first derivative of -9 + 2 + x**2 - 9*x + u. Determine v(6).
3
Let c be ((-143)/26)/((-6)/12). Let o(g) = g**3 - 11*g**2 - g + 12. Determine o(c).
1
Let a(o) = 47*o + 20. Let s(l) = 6*l + 3. Let t(d) = a(d) - 7*s(d). Suppose 4*k = 3*m + 2*k - 15, -3*k = m + 6. What is t(m)?
14
Let f(a) = 106*a**2 - 80*a**2 - 27*a**2. What is f(4)?
-16
Let h(v) = -v - 14. Let u = 1217 + -1217. Calculate h(u).
-14
Suppose h + 189 - 206 = -5*r, -12 = r - 2*h. Let d(l) = l**3 - 3*l**2 - 3*l - 1. Let c be d(4). Let x(k) = 4*k**2 + 2*k**3 - k**3 - 2*k**c + 1. Give x(r).
9
Suppose 0 = 4*y + 5*k + 21, 0 = 2*y + 2*y + 3*k + 27. Let p(j) = -j**3 - 9*j**2 + 16. Give p(y).
16
Let h(x) = -x**3 + 94*x - 6 - 268*x + 5*x**2 + 93*x + 90*x. Determine h(6).
12
Let q(m) = -6*m**2 - m - m**2 + 8*m**2. Let a(n) = -2*n**2 + 2*n - 1. Let g(f) = -a(f) - 3*q(f). Let d = -1 + 3. What is g(d)?
-1
Let i = 0 + -5. Let r(s) = -7072*s - 9 - s**3 - 4*s**2 + 10 - 3*s**2 + 7067*s. Give r(i).
-24
Let o(b) = b**2 - 2*b - 2. Let l be o(-2). Let d(f) = 3*f - 18. Let y be d(l). Let u(p) = -p**3 - p - 2. Determine u(y).
-2
Let j(d) = d**3 - 8*d**2 + 8*d - 8. Let z = 5 - -2. Let m be j(z). Let y be (5 - m)*(-16 + 15). Let t(l) = -l - 8. Determine t(y).
-2
Let m(v) = -18*v - 678 - 3*v**2 - 654 + 1331. Determine m(-6).
-1
Let h be -1*(4 - -1 - 10). Let l(j) be the second derivative of -1/2*j**2 + 1/6*j**3 + 0 + h*j. What is l(3)?
2
Let r(l) = 8*l**2 - 2*l - 2. Let i be 1/((-27)/36*6/9). Give r(i).
34
Let q(y) = -y**2 - 6*y + 1. Suppose -i = -5*a + 49, -i + 1 = -a + 10. Let o(w) = 3*w**3 + 3*w**2 + 2*w. Let s be o(-2). Let d = s + a. What is q(d)?
1
Let l = 4 + -3. Suppose -l = -3*t - 4. Let k(q) = -q**2 - 1 + 4*q**2 - 5*q**2. Determine k(t).
-3
Let s = -416 - -423. Let q(z) = -2 + 5 - 9*z**2 - 1. Let u(a) = -4*a**2 + 1. Let v(g) = s*u(g) - 3*q(g). Calculate v(-3).
-8
Let g(i) = -9*i - 6. Let a(d) = -4*d - 1. Let m(r) = -5*a(r) + 2*g(r). Determine m(6).
5
Suppose -7*h = -143 + 94. Let o(r) = r**3 - 8*r**2 + 7*r - 8. Give o(h).
-8
Let x(v) = 8*v + 21. Let m(s) = -4*s - 11. Let z(u) = -11*m(u) - 6*x(u). Determine z(-1).
-1
Let t(n) = -10*n - 6. Let c(k) = -12*k - 7. Let a(b) = -4*c(b) + 5*t(b). Let l be ((-4)/(-4))/((-2)/8). Give a(l).
6
Let l(g) = -g**3 - 4*g**2 - 4*g + 1. Let f = 3 - -1. Suppose f*z + 4*v - 20 = 0, -3 = -3*z + v - 0. Suppose 3 = -z*n - 3. Determine l(n).
4
Suppose -4*y = d - 25 + 37, -5*y = -3*d + 32. Let r(n) be the third derivative of 0*n - 1/3*n**3 + 1/6*n**4 + 1/60*n**5 + 0 - 2*n**2. Determine r(y).
-2
Let f(q) = -2*q - 3 - 6 - 3*q**2 + 4*q**2 + q**3. Let g(z) = 3*z**3 + 3*z**2 - 5*z - 17. Let h(m) = 5*f(m) - 2*g(m). Let l = 10 - 10. Calculate h(l).
-11
Let p be (-2 - -4)*1/2. Let r(h) = h**2 - h + 1. Let m(v) = -v**2 + v. Let y(t) = p*r(t) + 2*m(t). Determine y(4).
-11
Let u(v) = v**3 - 6*v**2 + 6*v + 3. Let x be 21/(-4) + (-12)/16. Let y = 9 + x. Suppose -2*f + 11 = 5*r - 20, -y*f = -9. Determine u(r).
8
Let x be -1 + 20/24 + (-33)/18. Let f be (1/x)/(5/(-40)). Let u(d) = -2*d + 1. Give u(f).
-7
Let g(i) = i**2 - 2*i + 6. Let t be g(2). Let j be ((-15)/(-10) - 1)*t. Let z(m) = 7 - 11 + 2*m**2 + m**j + m**2 - 4*m. What is z(-3)?
8
Let o be 0/3*(-4)/8. Suppose 8 = 4*y, a + 3*y - 3 = -o*a. Let b(s) = s**2 + s + 1. What is b(a)?
7
Let x(n) = -14*n. Suppose 0 = 3*z + m - 5, 0 = -23*m + 22*m - 1. Determine x(z).
-28
Let g(r) = -r**2 - 2*r. Let o(w) = -w**3 - 10*w**2 - 10*w - 5. Let y be o(-9). Suppose 5*l - y*j = -37, -3 = -5*l - 5*j - 13. Calculate g(l).
-15
Let d(o) be the first derivative of -o**6/120 - 3*o**5/20 - o**4/3 - 2*o**3/3 - 13*o**2/2 + 16. Let b(m) be the second derivative of d(m). Determine b(-8).
-4
Let m(d) = 5*d**3 + 3*d**2 + d - 1. Let g(k) = -5*k**3 - 4*k**2 - k + 2. Let q(y) = -2*g(y) - 3*m(y). Let l(t) = -t**2 + 3*t - 3. Let a be l(1). What is q(a)?
4
Let c(i) = 2*i**2 + 30*i + 13. Let b(s) = -s**2 - 15*s - 5. Let j(f) = -7*b(f) - 3*c(f). Calculate j(-15).
-4
Suppose d - 28 = -d. Let t = -10 + d. Let p(m) be the second derivative of -m**5/20 + m**4/4 + 2*m**3/3 - m**2 + 8*m. Determine p(t).
-2
Let p(z) = -3*z**3 - z - 3 + 2*z**3 - 2 + z**2 - 2. Let q(v) = -v**3 - 5*v**2 + 6*v. Let n be q(-6). Suppose -s + 5*s = n. Give p(s).
-7
Let z(j) = -22*j + 3. Let k(f) = -6*f. Let s(l) = -4*k(l) + z(l). Determine s(0).
3
Let p(w) be the second derivative of w**5/10 - w**4/12 + w**2/2 + 6*w. Let b(t) = t + 2. Let l be b(-1). What is p(l)?
2
Let k = -9 - -13. Let c(d) be the second derivative of -d**5/20 + d**4/4 + d**3/2 - 3*d**2/2 - 4*d - 2. What is c(k)?
-7
Let p(f) be the second derivative of f**3/3 + f**2/2 + f. Let u(s) = s**3 + s**2 + 2*s - 2. Let o be u(1). Suppose -2*a + o = -4*a. Give p(a).
-1
Let t be (0 - -1)/(8 - 9)*-3. Suppose -t*y = 9 + 9. Let l(z) = -z**2 - 6*z - 6. Determine l(y).
-6
Let q be (21/14)/((-1)/(-2)). Let h(m) = -m**2 + q*m**2 - 2*m + 5 - 8 + 1. Calculate h(2).
2
Suppose 12*w - 65 = -173. Let o(q) = -q**3 - 8*q**2 + 10*q + 4. Calculate o(w).
-5
Let j(k) = 2*k**3 + 14*k + 6*k**2 - k**3 + 7 + 3*k - 23*k. Calculate j(-7).
0
Let i(o) be the second derivative of -o**5/20 + o**4/2 - 4*o**3/3 + 7*o**2/2 - 119*o. Give i(5).
-8
Suppose -4*z = -5*a - 23, -8 = -2*z + 3*a + 5. Let r(j) = -4*j + 2*j**2 - 1 - j**z + 0*j. Let t(i) = -i**3 - 12*i**2 + 14*i + 15. Let f be t(-13). Give r(f).
-5
Let d(o) = -o**3 - 6*o**2 - o - 1. Let b(j) = 2*j**2 - 29*j + 9. Let z be b(14). What is d(z)?
-21
Let m(j) = 5*j**2 - 5*j - 2. Let v(k) = -4*k**2 + 4*k + 2. Let z(p) = 3*m(p) + 4*v(p). Give z(-3).
-10
Suppose 550*q - 584*q - 121 = 49. Let b(f) be the third derivative of f**4/12 + f**3 - 2*f**2. Calculate b(q).
-4
Suppose -3 = -2*p + 1. Suppose -p*j = a + 3*j - 28, 3*a - 8 = 4*j. Let q(x) = a - x + 1 + 1. Calculate q(0).
10
Let v be (0/(-3))/((-2)/(1 - -1)). Let p(u) = -1 - u**3 + 6*u**2 - 4*u - 2*u + v*u. Let t be (-2 + 1/(-2))*-2. Calculate p(t).
-6
Let f(c) = 5*c + 0 + 1 + 4*c**3 - 5*c**2 - 5*c**3 - 11*c. Let u(w) = -w - 1. Let d(r) = -f(r) + 6*u(r). What is d(-5)?
-7
Le